ose 5170 = 30*h - 23420. What are the prime factors of h?
953
Suppose 547 = 5*q - 453. What are the prime factors of q?
2, 5
Let u(w) = 2*w**2 + 43*w + 282. List the prime factors of u(38).
2, 1201
Let p(g) = g - 2. Let u be p(8). Suppose 325 = u*q - q. Suppose -16 = -3*j + 2*m + 16, q = 5*j - m. What are the prime factors of j?
2, 7
Let a be (-6 - -4)*(-9)/2. Suppose 0 - a = -3*f. List the prime factors of f.
3
Suppose -456 = 4*b + 2*b. Let r = b - -131. List the prime factors of r.
5, 11
Let l = -1427 + 3159. What are the prime factors of l?
2, 433
Let u = -15 + 3. Let n be ((-64)/u)/((-2)/(-6)). Let z = 12 + n. List the prime factors of z.
2, 7
Suppose 0*x - 91 = 7*x. Let v = 89 + x. What are the prime factors of v?
2, 19
Suppose 0 = 3*k + 8 + 4. What are the prime factors of 1 + k - 6*-2?
3
Let p(b) = b**2 + 6*b + 3. Let g be p(-6). Suppose g*n = 5 + 1. Suppose 26 = n*m + 4. List the prime factors of m.
11
Let u be 3*((-6)/(-9) - -1). Suppose 4*i - u*i = -2. List the prime factors of (-2 - -1)/(i/(-86)).
43
Let w = 466 + -391. List the prime factors of w.
3, 5
Let k(m) = 164*m**3 + 2*m**2 + 2*m. Let f be k(-1). Let s = 159 - f. List the prime factors of s.
17, 19
Let l(g) = 20*g**2 + 3*g. Suppose -10*w = -15*w + 100. Suppose 4*y + y - a + 7 = 0, -4*a = 4*y + w. What are the prime factors of l(y)?
2, 37
Let p(z) be the second derivative of z**4/6 - z**3/2 + 3*z**2/2 - 7*z. Let a be p(2). Suppose -101 = -a*r - 41. List the prime factors of r.
2, 3
What are the prime factors of (-3897)/(-6) + 4/(-8) + -4?
3, 5, 43
Let u(o) = 12*o**2 + 20*o + 66. List the prime factors of u(-5).
2, 7, 19
Let l be (-4 + -2)*13/(-3). Suppose l*b = 23*b + 831. List the prime factors of b.
277
Let u = -196 - -366. Let v be -3*(-3 - u/6). Let x = -38 + v. List the prime factors of x.
2, 7
Let q(s) = s**3 + 19*s**2 + 20*s + 23. List the prime factors of q(-7).
3, 157
Let z(p) be the first derivative of p**5/60 + 11*p**4/24 - p**3/3 - 10. Let r(n) be the third derivative of z(n). What are the prime factors of r(-4)?
3
Let d be 2/(-7) + (-46)/(-14). Let u(y) = 6*y + 18. Let n be u(6). Suppose -2*i + 26 + 33 = -5*w, 4*w - n = -d*i. List the prime factors of i.
2, 11
Suppose -5*h + o = -1057, -3*h + 6*o + 635 = 5*o. What are the prime factors of h?
211
Suppose 27*g - 25*g = 0. Suppose -3*z + 5 = -2*z, g = -4*o - 2*z + 218. What are the prime factors of o?
2, 13
Suppose a + 4*a = -5. Let r = 3 - a. List the prime factors of r.
2
Let n = 206 + -135. What are the prime factors of n?
71
Let q = -170 - -336. List the prime factors of q.
2, 83
Let i = 10184 - 7014. List the prime factors of i.
2, 5, 317
Suppose -4*b + 28 = -0*b. Suppose b*y - 900 = 3*y. What are the prime factors of y?
3, 5
Suppose -4*c = -113 - 267. Suppose -5*x = r - c, 2*x + 5*r - 3*r = 30. List the prime factors of (-1 - -8)*x/35.
2
Let y = -31 + 17. Let l = y + 18. What are the prime factors of (6/l)/(21/28)?
2
Let q(i) = -i. Let g be q(-2). Suppose -3 = g*z - 15. Suppose -2*l = 2*d, l - 3*d = -d + z. What are the prime factors of l?
2
Suppose -2*b - 3*g = -6990, 5*b + 3*g - 10249 = 7244. List the prime factors of b.
3, 389
Let h = 388 - -5107. List the prime factors of h.
5, 7, 157
Let h(k) = -2 + 2*k**2 - 2*k**3 + k**3 + k**2 + 6*k + k**2. Let r be h(6). Let f = 65 + r. What are the prime factors of f?
3
Suppose 3*v - 26 = -20. Suppose 5 = -v*l + 15. What are the prime factors of l?
5
Suppose 4*t + g = 7, -2*g + 10 = -5*t + 3*g. Let d be t/4 + (-26)/8. Let q(n) = -6*n - 3. List the prime factors of q(d).
3, 5
Let o(d) = d**2 + 28*d + 49. Let p be o(-26). What are the prime factors of (p/1 - -2)/((-2)/188)?
2, 47
Let u(c) = -c**3 - c**2 + 4*c + 6. Let j be u(-2). Suppose k - 24 = -x, -3*x - 41 = -j*k + 7. Let i = k - -33. What are the prime factors of i?
3, 19
Let m(i) = i**2 - 23*i + 70. What are the prime factors of m(-21)?
2, 7, 71
Suppose -n = -5*n + l - 31, -n - 4*l = 29. Let k = n - -15. List the prime factors of ((-2)/k)/(7/(-294)).
2, 7
Let s(q) = -q**3 + 10*q**2 - 9*q + 7. Let l(d) = -d + 11. Let i be l(5). Let x be s(i). Let n = -64 + x. What are the prime factors of n?
3, 11
Suppose -1601 = -2*i + h + 345, 2*i = -h + 1946. What are the prime factors of i?
7, 139
Suppose 3*i = 10 + 2. Suppose 3*a = -i*g - 3 + 4, 19 = 5*a - 2*g. List the prime factors of a.
3
Suppose 233 - 4250 = -3*f + 4*i, 2*f - 6*i - 2678 = 0. What are the prime factors of f?
13, 103
Suppose -48*w - 540 = -52*w. Suppose w = 14*z - 9*z. What are the prime factors of z?
3
Let c be (33/3)/(-4 - -3). Let u = c - 0. Let q = 28 + u. List the prime factors of q.
17
Let a = 5 - 3. Suppose 7*k = a*k + 35. Let v = k - 5. What are the prime factors of v?
2
Let x be 2/(-6)*(-72)/8. Suppose -x*k + 175 = -44. Suppose -4*f + k = -95. What are the prime factors of f?
2, 3, 7
List the prime factors of 16/10*119730/52.
2, 3, 307
Let z be -1 + 3 + (0 - -1). Let w = z + -1. What are the prime factors of (1/w)/(9/234)?
13
Let n = 65 - 58. Suppose -2*u = -5*s - n*u + 465, 3*s - 5*u = 287. What are the prime factors of s?
2, 47
Let q = 93 - 33. List the prime factors of (2 - -2*83)*30/q.
2, 3, 7
Let h(m) = -m**3 + 9*m**2 + 1. Let d = 32 - 24. What are the prime factors of h(d)?
5, 13
Let m = -44 - -56. Suppose -m = -p + 8. What are the prime factors of p?
2, 5
Let j = 247 - -206. What are the prime factors of j?
3, 151
Suppose -10*i = -3133 - 39197. What are the prime factors of i?
3, 17, 83
Let x be 141/7 - (-6)/(-42). Suppose -2*t = -7*t + x, 3*g + 11 = 5*t. What are the prime factors of (60/2)/g - 2?
2
Let s = 492 - 175. What are the prime factors of s?
317
Let f(k) = 450*k**2 - 10*k + 10. What are the prime factors of f(1)?
2, 3, 5
Let a(r) = -r**2 - 8*r + 9. Let j be a(-9). Suppose j = -y - y + 10. Suppose 0 = 3*t - y*w - 41, 27 = t - w + 2*w. What are the prime factors of t?
2, 11
Let l(a) = 14*a**3 - 98*a**2 - 23*a + 83. Let r(g) = 5*g**3 - 33*g**2 - 8*g + 28. Let u(w) = 6*l(w) - 17*r(w). What are the prime factors of u(-27)?
2, 19
Suppose -3*f + 9 + 6 = 0. Suppose 0 = c - f - 13. Suppose 0 = 19*s - c*s - 8. List the prime factors of s.
2
Suppose 0*r - 16 = -2*k - r, k + 5*r = 17. Let s be (-6)/(-42) + 20/k. Suppose -n + 13 = -s. What are the prime factors of n?
2
Suppose 0 = -3*l + 8*s - 4*s + 528, 4*l - 3*s = 711. What are the prime factors of l?
2, 3, 5
Suppose -5*t - 4*s = 41, 2*t = 4*t - 3*s + 21. Let p = 1 - t. Let w = p + 32. What are the prime factors of w?
2, 3, 7
What are the prime factors of (4/10)/(4/6920)?
2, 173
Let m = 314 - 198. List the prime factors of m.
2, 29
List the prime factors of (2 + -4)/((-1)/3027*2).
3, 1009
Let j(i) = -i - 3. Let h(t) = t + 1. Let w(k) = 4*h(k) + j(k). List the prime factors of w(8).
5
Let c be (2 + 114)*(-4 - (-6)/1). Suppose -58 = -b - 3*k, -c = -5*b + b + k. What are the prime factors of b?
2, 29
Let f = -5 + 41. Let p = 80 - f. Suppose 5*m + 4*w = 20, 0 = 5*m - 2*w - p - 6. What are the prime factors of m?
2
Suppose 7 - 2 = f. Let t(s) = -s**2 + 8*s - 11. Let l be t(f). Suppose -2*y = l - 58. List the prime factors of y.
3
Suppose 2*w = 0, -l - 133 + 482 = 3*w. What are the prime factors of l?
349
Let h be (-13 - 2) + 0 + -3. Suppose 8*f - 146 = 4*f - p, 2*f + 3*p - 78 = 0. Let n = f + h. List the prime factors of n.
2, 3
What are the prime factors of 133/2*532/(-95)*-5?
2, 7, 19
Suppose 6*u = -2*u + 2928. Suppose w = -u + 395. List the prime factors of w.
29
Let i = 1805 - 753. What are the prime factors of i?
2, 263
Suppose 3*n = 4*i + 218, -4*i = -0*i - 2*n + 216. Let b = -26 - i. What are the prime factors of b?
3
Let b(v) = -v**3 + 21*v**2 + 15*v + 59. Let h be b(21). Let i = 583 - h. List the prime factors of i.
11, 19
Suppose 2 = d - 16. Suppose d + 30 = c. Suppose 6 = 3*m - c. What are the prime factors of m?
2, 3
Suppose -38 = -2*j - 34. Suppose -j*p + 4*m = -0*m - 84, 5*p - 266 = -4*m. What are the prime factors of p?
2, 5
Let o be (0 - 0)/(-17 + 15). List the prime factors of (o - 2) + -1 - (3 + -25).
19
Let r(t) be the second derivative of -t**5/20 - 5*t**4/12 - t**3/2 - 2*t**2 - 2*t. Let j be r(-4). What are the prime factors of j/(-4)*1/1?
2
Let j(r) = 3*r**2 + 10*r + 214. List the prime factors of j(18).
2, 683
Let r(j) = 12*j**2 + 3*j. Let n(a) = a**2 - a. Let m(y) = 6*n